{"id":2103,"date":"2018-10-18T15:25:20","date_gmt":"2018-10-18T13:25:20","guid":{"rendered":"http:\/\/www.muehl.de\/hungen\/?page_id=2103"},"modified":"2021-08-23T16:02:44","modified_gmt":"2021-08-23T14:02:44","slug":"profi-farben","status":"publish","type":"page","link":"https:\/\/www.muehl.de\/hungen\/profi-farben\/","title":{"rendered":"Profi-Farben"},"content":{"rendered":"<p>NEU im Stortiment<\/p>\n<p><a href=\"http:\/\/www.muehl.de\/hungen\/wp-content\/uploads\/2018\/10\/M\u00fchl24-Krautol-FB.jpg\"><img loading=\"lazy\" decoding=\"async\" class=\"alignnone wp-image-2106 size-large\" src=\"http:\/\/www.muehl.de\/hungen\/wp-content\/uploads\/2018\/10\/M\u00fchl24-Krautol-FB-1024x768.jpg\" alt=\"\" width=\"1024\" height=\"768\" srcset=\"https:\/\/www.muehl.de\/hungen\/wp-content\/uploads\/2018\/10\/M\u00fchl24-Krautol-FB-1024x768.jpg 1024w, https:\/\/www.muehl.de\/hungen\/wp-content\/uploads\/2018\/10\/M\u00fchl24-Krautol-FB-300x225.jpg 300w, https:\/\/www.muehl.de\/hungen\/wp-content\/uploads\/2018\/10\/M\u00fchl24-Krautol-FB-768x576.jpg 768w, https:\/\/www.muehl.de\/hungen\/wp-content\/uploads\/2018\/10\/M\u00fchl24-Krautol-FB-800x600.jpg 800w, https:\/\/www.muehl.de\/hungen\/wp-content\/uploads\/2018\/10\/M\u00fchl24-Krautol-FB-400x300.jpg 400w, https:\/\/www.muehl.de\/hungen\/wp-content\/uploads\/2018\/10\/M\u00fchl24-Krautol-FB.jpg 2016w\" sizes=\"auto, (max-width: 1024px) 100vw, 1024px\" \/><\/a>\u00a0\u00a0<a href=\"http:\/\/www.muehl.de\/hungen\/wp-content\/uploads\/2018\/10\/M\u00fchl24-Krautol-FB-.jpg\"><img loading=\"lazy\" decoding=\"async\" class=\"alignnone wp-image-2104 size-large\" src=\"http:\/\/www.muehl.de\/hungen\/wp-content\/uploads\/2018\/10\/M\u00fchl24-Krautol-FB--1024x768.jpg\" alt=\"\" width=\"1024\" height=\"768\" srcset=\"https:\/\/www.muehl.de\/hungen\/wp-content\/uploads\/2018\/10\/M\u00fchl24-Krautol-FB--1024x768.jpg 1024w, https:\/\/www.muehl.de\/hungen\/wp-content\/uploads\/2018\/10\/M\u00fchl24-Krautol-FB--300x225.jpg 300w, https:\/\/www.muehl.de\/hungen\/wp-content\/uploads\/2018\/10\/M\u00fchl24-Krautol-FB--768x576.jpg 768w, https:\/\/www.muehl.de\/hungen\/wp-content\/uploads\/2018\/10\/M\u00fchl24-Krautol-FB--800x600.jpg 800w, https:\/\/www.muehl.de\/hungen\/wp-content\/uploads\/2018\/10\/M\u00fchl24-Krautol-FB--400x300.jpg 400w, https:\/\/www.muehl.de\/hungen\/wp-content\/uploads\/2018\/10\/M\u00fchl24-Krautol-FB-.jpg 2016w\" sizes=\"auto, (max-width: 1024px) 100vw, 1024px\" \/><\/a><a href=\"http:\/\/www.muehl.de\/hungen\/wp-content\/uploads\/2018\/10\/M\u00fchl24-Krautol-Farbmischanlage-FB.jpg\"><img loading=\"lazy\" decoding=\"async\" class=\"alignnone wp-image-2105\" src=\"http:\/\/www.muehl.de\/hungen\/wp-content\/uploads\/2018\/10\/M\u00fchl24-Krautol-Farbmischanlage-FB-768x1024.jpg\" alt=\"\" width=\"1024\" height=\"1365\" srcset=\"https:\/\/www.muehl.de\/hungen\/wp-content\/uploads\/2018\/10\/M\u00fchl24-Krautol-Farbmischanlage-FB-768x1024.jpg 768w, https:\/\/www.muehl.de\/hungen\/wp-content\/uploads\/2018\/10\/M\u00fchl24-Krautol-Farbmischanlage-FB-225x300.jpg 225w, https:\/\/www.muehl.de\/hungen\/wp-content\/uploads\/2018\/10\/M\u00fchl24-Krautol-Farbmischanlage-FB-800x1067.jpg 800w, https:\/\/www.muehl.de\/hungen\/wp-content\/uploads\/2018\/10\/M\u00fchl24-Krautol-Farbmischanlage-FB.jpg 1512w\" sizes=\"auto, (max-width: 1024px) 100vw, 1024px\" \/><\/a><\/p>\n<p>Krautol Profi-Farben, mit unserer eigenen Farbmischanlage, w\u00e4hlen Sie ihre Wunschfarbe aus und nehmen diese direkt mit.<\/p>\n<p>Innenfarben- &amp; Fassadenfarben f\u00fcr Profis<\/p>\n<p><a href=\"http:\/\/www.muehl.de\/hungen\/wp-content\/uploads\/2018\/10\/Muehl24-Aktion-Krautol-FarbmischanlageNEU.jpg\"><img loading=\"lazy\" decoding=\"async\" class=\"aligncenter wp-image-2082 size-full\" src=\"http:\/\/www.muehl.de\/hungen\/wp-content\/uploads\/2018\/10\/Muehl24-Aktion-Krautol-FarbmischanlageNEU.jpg\" alt=\"\" width=\"645\" height=\"912\" srcset=\"https:\/\/www.muehl.de\/hungen\/wp-content\/uploads\/2018\/10\/Muehl24-Aktion-Krautol-FarbmischanlageNEU.jpg 645w, https:\/\/www.muehl.de\/hungen\/wp-content\/uploads\/2018\/10\/Muehl24-Aktion-Krautol-FarbmischanlageNEU-212x300.jpg 212w\" sizes=\"auto, (max-width: 645px) 100vw, 645px\" \/><\/a><em>**Angebote g\u00fcltig solange der Vorrat reicht! Nur im Fachmarkt Hungen*<\/em>*<\/p>\n","protected":false},"excerpt":{"rendered":"<p>NEU im Stortiment \u00a0\u00a0 Krautol Profi-Farben, mit unserer eigenen Farbmischanlage, w\u00e4hlen Sie ihre Wunschfarbe aus und nehmen diese direkt mit. Innenfarben- &amp; Fassadenfarben f\u00fcr Profis **Angebote g\u00fcltig solange der Vorrat reicht! Nur im Fachmarkt Hungen**<\/p>\n","protected":false},"author":1,"featured_media":0,"parent":0,"menu_order":0,"comment_status":"closed","ping_status":"closed","template":"","meta":{"footnotes":""},"class_list":["post-2103","page","type-page","status-publish","hentry"],"_links":{"self":[{"href":"https:\/\/www.muehl.de\/hungen\/wp-json\/wp\/v2\/pages\/2103","targetHints":{"allow":["GET"]}}],"collection":[{"href":"https:\/\/www.muehl.de\/hungen\/wp-json\/wp\/v2\/pages"}],"about":[{"href":"https:\/\/www.muehl.de\/hungen\/wp-json\/wp\/v2\/types\/page"}],"author":[{"embeddable":true,"href":"https:\/\/www.muehl.de\/hungen\/wp-json\/wp\/v2\/users\/1"}],"replies":[{"embeddable":true,"href":"https:\/\/www.muehl.de\/hungen\/wp-json\/wp\/v2\/comments?post=2103"}],"version-history":[{"count":10,"href":"https:\/\/www.muehl.de\/hungen\/wp-json\/wp\/v2\/pages\/2103\/revisions"}],"predecessor-version":[{"id":2419,"href":"https:\/\/www.muehl.de\/hungen\/wp-json\/wp\/v2\/pages\/2103\/revisions\/2419"}],"wp:attachment":[{"href":"https:\/\/www.muehl.de\/hungen\/wp-json\/wp\/v2\/media?parent=2103"}],"curies":[{"name":"wp","href":"https:\/\/api.w.org\/{rel}","templated":true}]}}

<p>NEU im Stortiment</p>
<p><a href="http://www.muehl.de/hungen/wp-content/uploads/2018/10/Mühl24-Krautol-FB.jpg"><img loading="lazy" decoding="async" class="alignnone wp-image-2106 size-large" src="http://www.muehl.de/hungen/wp-content/uploads/2018/10/Mühl24-Krautol-FB-1024x768.jpg" alt="" width="1024" height="768" srcset="https://www.muehl.de/hungen/wp-content/uploads/2018/10/Mühl24-Krautol-FB-1024x768.jpg 1024w, https://www.muehl.de/hungen/wp-content/uploads/2018/10/Mühl24-Krautol-FB-300x225.jpg 300w, https://www.muehl.de/hungen/wp-content/uploads/2018/10/Mühl24-Krautol-FB-768x576.jpg 768w, https://www.muehl.de/hungen/wp-content/uploads/2018/10/Mühl24-Krautol-FB-800x600.jpg 800w, https://www.muehl.de/hungen/wp-content/uploads/2018/10/Mühl24-Krautol-FB-400x300.jpg 400w, https://www.muehl.de/hungen/wp-content/uploads/2018/10/Mühl24-Krautol-FB.jpg 2016w" sizes="auto, (max-width: 1024px) 100vw, 1024px" /></a>  <a href="http://www.muehl.de/hungen/wp-content/uploads/2018/10/Mühl24-Krautol-FB-.jpg"><img loading="lazy" decoding="async" class="alignnone wp-image-2104 size-large" src="http://www.muehl.de/hungen/wp-content/uploads/2018/10/Mühl24-Krautol-FB--1024x768.jpg" alt="" width="1024" height="768" srcset="https://www.muehl.de/hungen/wp-content/uploads/2018/10/Mühl24-Krautol-FB--1024x768.jpg 1024w, https://www.muehl.de/hungen/wp-content/uploads/2018/10/Mühl24-Krautol-FB--300x225.jpg 300w, https://www.muehl.de/hungen/wp-content/uploads/2018/10/Mühl24-Krautol-FB--768x576.jpg 768w, https://www.muehl.de/hungen/wp-content/uploads/2018/10/Mühl24-Krautol-FB--800x600.jpg 800w, https://www.muehl.de/hungen/wp-content/uploads/2018/10/Mühl24-Krautol-FB--400x300.jpg 400w, https://www.muehl.de/hungen/wp-content/uploads/2018/10/Mühl24-Krautol-FB-.jpg 2016w" sizes="auto, (max-width: 1024px) 100vw, 1024px" /></a><a href="http://www.muehl.de/hungen/wp-content/uploads/2018/10/Mühl24-Krautol-Farbmischanlage-FB.jpg"><img loading="lazy" decoding="async" class="alignnone wp-image-2105" src="http://www.muehl.de/hungen/wp-content/uploads/2018/10/Mühl24-Krautol-Farbmischanlage-FB-768x1024.jpg" alt="" width="1024" height="1365" srcset="https://www.muehl.de/hungen/wp-content/uploads/2018/10/Mühl24-Krautol-Farbmischanlage-FB-768x1024.jpg 768w, https://www.muehl.de/hungen/wp-content/uploads/2018/10/Mühl24-Krautol-Farbmischanlage-FB-225x300.jpg 225w, https://www.muehl.de/hungen/wp-content/uploads/2018/10/Mühl24-Krautol-Farbmischanlage-FB-800x1067.jpg 800w, https://www.muehl.de/hungen/wp-content/uploads/2018/10/Mühl24-Krautol-Farbmischanlage-FB.jpg 1512w" sizes="auto, (max-width: 1024px) 100vw, 1024px" /></a></p>
<p>Krautol Profi-Farben, mit unserer eigenen Farbmischanlage, wählen Sie ihre Wunschfarbe aus und nehmen diese direkt mit.</p>
<p>Innenfarben- &amp; Fassadenfarben für Profis</p>
<p><a href="http://www.muehl.de/hungen/wp-content/uploads/2018/10/Muehl24-Aktion-Krautol-FarbmischanlageNEU.jpg"><img loading="lazy" decoding="async" class="aligncenter wp-image-2082 size-full" src="http://www.muehl.de/hungen/wp-content/uploads/2018/10/Muehl24-Aktion-Krautol-FarbmischanlageNEU.jpg" alt="" width="645" height="912" srcset="https://www.muehl.de/hungen/wp-content/uploads/2018/10/Muehl24-Aktion-Krautol-FarbmischanlageNEU.jpg 645w, https://www.muehl.de/hungen/wp-content/uploads/2018/10/Muehl24-Aktion-Krautol-FarbmischanlageNEU-212x300.jpg 212w" sizes="auto, (max-width: 645px) 100vw, 645px" /></a><em>**Angebote gültig solange der Vorrat reicht! Nur im Fachmarkt Hungen*</em>*</p>

<p>NEU im Stortiment    Krautol Profi-Farben, mit unserer eigenen Farbmischanlage, wählen Sie ihre Wunschfarbe aus und nehmen diese direkt mit. Innenfarben- &amp; Fassadenfarben für Profis **Angebote gültig solange der Vorrat reicht! Nur im Fachmarkt Hungen**</p>
