{"id":584,"date":"2017-07-25T09:11:51","date_gmt":"2017-07-25T07:11:51","guid":{"rendered":"http:\/\/www.muehl24.info\/wp\/?page_id=584"},"modified":"2025-10-07T11:15:11","modified_gmt":"2025-10-07T09:15:11","slug":"kundenkonto","status":"publish","type":"page","link":"https:\/\/www.muehl.de\/hungen\/kundenkonto\/","title":{"rendered":"Kundenkonto"},"content":{"rendered":"<h1><span style=\"color: #354c9c;\"><strong>Sie sind noch kein Kunde bei M24?<\/strong><\/span><\/h1>\n<h1><img loading=\"lazy\" decoding=\"async\" class=\"alignnone wp-image-2683 size-medium\" src=\"http:\/\/www.muehl.de\/hungen\/wp-content\/uploads\/2025\/01\/Meta-Wolf-logo-Group_RGB_M24-300x75.png\" alt=\"\" width=\"300\" height=\"75\" srcset=\"https:\/\/www.muehl.de\/hungen\/wp-content\/uploads\/2025\/01\/Meta-Wolf-logo-Group_RGB_M24-300x75.png 300w, https:\/\/www.muehl.de\/hungen\/wp-content\/uploads\/2025\/01\/Meta-Wolf-logo-Group_RGB_M24-1024x256.png 1024w, https:\/\/www.muehl.de\/hungen\/wp-content\/uploads\/2025\/01\/Meta-Wolf-logo-Group_RGB_M24-768x192.png 768w, https:\/\/www.muehl.de\/hungen\/wp-content\/uploads\/2025\/01\/Meta-Wolf-logo-Group_RGB_M24-1536x384.png 1536w, https:\/\/www.muehl.de\/hungen\/wp-content\/uploads\/2025\/01\/Meta-Wolf-logo-Group_RGB_M24-800x200.png 800w, https:\/\/www.muehl.de\/hungen\/wp-content\/uploads\/2025\/01\/Meta-Wolf-logo-Group_RGB_M24.png 1667w\" sizes=\"auto, (max-width: 300px) 100vw, 300px\" \/><br \/><span style=\"color: #354c9c;\">Nutzen Sie unser Webformular zur Er\u00f6ffnung eines Kundenkontos.<\/span><\/h1>\n<p><span style=\"color: #354c9c;\">Formular online ausf\u00fcllen, ausdrucken, unterschreiben und an M24 zur\u00fcck senden, oder bei Ihrem n\u00e4chsten Besuch direkt ausgef\u00fcllt mitbringen.<\/span><\/p>\n<h3><span style=\"color: #354c9c;\"><strong>Hungen:<\/strong><\/span><\/h3>\n<h3><div id=\"accordions-592\" class=\"accordions-592 accordions\" data-accordions={&quot;lazyLoad&quot;:false,&quot;id&quot;:&quot;592&quot;,&quot;event&quot;:&quot;click&quot;,&quot;collapsible&quot;:&quot;true&quot;,&quot;heightStyle&quot;:&quot;content&quot;,&quot;animateStyle&quot;:&quot;swing&quot;,&quot;animateDelay&quot;:1000,&quot;navigation&quot;:true,&quot;active&quot;:999,&quot;expandedOther&quot;:&quot;no&quot;}>\r\n                <div class=\"items\" >\r\n    \r\n            <div post_id=\"592\" itemcount=\"0\"  header_id=\"header-0\" id=\"header-0\" style=\"\" class=\"accordions-head head0 border-none\" toggle-text=\"\" main-text=\"Kundenkonto Privat\/ Hungen\">\r\n                                    <span id=\"accordion-icons-0\" class=\"accordion-icons\">\r\n                        <span class=\"accordion-icon-active accordion-plus\"><i class=\"fa fa-chevron-up\"><\/i><\/span>\r\n                        <span class=\"accordion-icon-inactive accordion-minus\"><i class=\"fa fa-chevron-down\"><\/i><\/span>\r\n                    <\/span>\r\n                    <span id=\"header-text-0\" class=\"accordions-head-title\">Kundenkonto Privat\/ Hungen<\/span>\r\n                            <\/div>\r\n            <div class=\"accordion-content content0 \">\r\n                <p><iframe loading=\"lazy\" src=\"https:\/\/www.muehl24.info\/privat.html\" width=\"95%\" height=\"300\">\"><br \/>\n<\/iframe><\/p>\n            <\/div>\r\n    <\/div>\r\n\r\n\r\n\r\n            <\/div><div id=\"accordions-601\" class=\"accordions-601 accordions\" data-accordions={&quot;lazyLoad&quot;:false,&quot;id&quot;:&quot;601&quot;,&quot;event&quot;:&quot;click&quot;,&quot;collapsible&quot;:&quot;true&quot;,&quot;heightStyle&quot;:&quot;content&quot;,&quot;animateStyle&quot;:&quot;swing&quot;,&quot;animateDelay&quot;:1000,&quot;navigation&quot;:true,&quot;active&quot;:999,&quot;expandedOther&quot;:&quot;no&quot;}>\r\n                <div class=\"items\" >\r\n    \r\n            <div post_id=\"601\" itemcount=\"0\"  header_id=\"header-0\" id=\"header-0\" style=\"\" class=\"accordions-head head0 border-none\" toggle-text=\"\" main-text=\"Kundenkonto Firma\/ Hungen\">\r\n                                    <span id=\"accordion-icons-0\" class=\"accordion-icons\">\r\n                        <span class=\"accordion-icon-active accordion-plus\"><i class=\"fa fa-chevron-up\"><\/i><\/span>\r\n                        <span class=\"accordion-icon-inactive accordion-minus\"><i class=\"fa fa-chevron-down\"><\/i><\/span>\r\n                    <\/span>\r\n                    <span id=\"header-text-0\" class=\"accordions-head-title\">Kundenkonto Firma\/ Hungen<\/span>\r\n                            <\/div>\r\n            <div class=\"accordion-content content0 \">\r\n                <p><iframe loading=\"lazy\" src=\"https:\/\/muehl24.info\/firma.html\" name=\"navigation\" width=\"95%\" height=\"300\">\"><br \/>\n<\/iframe><\/p>\n            <\/div>\r\n    <\/div>\r\n\r\n\r\n\r\n            <\/div><\/h3>\n<h3><span style=\"color: #354c9c;\"><strong>Kranichfeld:<br \/><\/strong><\/span><span style=\"color: #354c9c;\"><span style=\"color: #000000;\"><div id=\"accordions-602\" class=\"accordions-602 accordions\" data-accordions={&quot;lazyLoad&quot;:false,&quot;id&quot;:&quot;602&quot;,&quot;event&quot;:&quot;click&quot;,&quot;collapsible&quot;:&quot;true&quot;,&quot;heightStyle&quot;:&quot;content&quot;,&quot;animateStyle&quot;:&quot;swing&quot;,&quot;animateDelay&quot;:1000,&quot;navigation&quot;:true,&quot;active&quot;:999,&quot;expandedOther&quot;:&quot;no&quot;}>\r\n                <div class=\"items\" >\r\n    \r\n            <div post_id=\"602\" itemcount=\"0\"  header_id=\"header-0\" id=\"header-0\" style=\"\" class=\"accordions-head head0 border-none\" toggle-text=\"\" main-text=\"Kundenkonto Privat\/ Kranichfeld\">\r\n                                    <span id=\"accordion-icons-0\" class=\"accordion-icons\">\r\n                        <span class=\"accordion-icon-active accordion-plus\"><i class=\"fa fa-chevron-up\"><\/i><\/span>\r\n                        <span class=\"accordion-icon-inactive accordion-minus\"><i class=\"fa fa-chevron-down\"><\/i><\/span>\r\n                    <\/span>\r\n                    <span id=\"header-text-0\" class=\"accordions-head-title\">Kundenkonto Privat\/ Kranichfeld<\/span>\r\n                            <\/div>\r\n            <div class=\"accordion-content content0 \">\r\n                <p><iframe loading=\"lazy\" src=\"https:\/\/muehl24.info\/mk\/privat.html\" name=\"navigation\" width=\"95%\" height=\"300\">\"><br \/>\n<\/iframe><\/p>\n            <\/div>\r\n    <\/div>\r\n\r\n\r\n\r\n            <\/div><div id=\"accordions-603\" class=\"accordions-603 accordions\" data-accordions={&quot;lazyLoad&quot;:false,&quot;id&quot;:&quot;603&quot;,&quot;event&quot;:&quot;click&quot;,&quot;collapsible&quot;:&quot;true&quot;,&quot;heightStyle&quot;:&quot;content&quot;,&quot;animateStyle&quot;:&quot;swing&quot;,&quot;animateDelay&quot;:1000,&quot;navigation&quot;:true,&quot;active&quot;:999,&quot;expandedOther&quot;:&quot;no&quot;}>\r\n                <div class=\"items\" >\r\n    \r\n            <div post_id=\"603\" itemcount=\"0\"  header_id=\"header-0\" id=\"header-0\" style=\"\" class=\"accordions-head head0 border-none\" toggle-text=\"\" main-text=\"Kundenkonto Firma\/ Kranichfeld\">\r\n                                    <span id=\"accordion-icons-0\" class=\"accordion-icons\">\r\n                        <span class=\"accordion-icon-active accordion-plus\"><i class=\"fa fa-chevron-up\"><\/i><\/span>\r\n                        <span class=\"accordion-icon-inactive accordion-minus\"><i class=\"fa fa-chevron-down\"><\/i><\/span>\r\n                    <\/span>\r\n                    <span id=\"header-text-0\" class=\"accordions-head-title\">Kundenkonto Firma\/ Kranichfeld<\/span>\r\n                            <\/div>\r\n            <div class=\"accordion-content content0 \">\r\n                <p><iframe loading=\"lazy\" src=\"https:\/\/muehl24.info\/mk\/firma.html\" width=\"95%\" height=\"300\"><span data-mce-type=\"bookmark\" style=\"width: 0px;overflow: hidden;line-height: 0\" class=\"mce_SELRES_start\"><\/span><span data-mce-type=\"bookmark\" style=\"width: 0px;overflow: hidden;line-height: 0\" class=\"mce_SELRES_start\"><\/span>\"><br \/>\n<\/iframe><\/p>\n            <\/div>\r\n    <\/div>\r\n\r\n\r\n\r\n            <\/div><\/span><\/span><\/h3>\n<h3><span style=\"color: #354c9c;\"><strong>Wetzlar:<br \/><\/strong><span style=\"color: #000000;\"><div id=\"accordions-604\" class=\"accordions-604 accordions\" data-accordions={&quot;lazyLoad&quot;:false,&quot;id&quot;:&quot;604&quot;,&quot;event&quot;:&quot;click&quot;,&quot;collapsible&quot;:&quot;true&quot;,&quot;heightStyle&quot;:&quot;content&quot;,&quot;animateStyle&quot;:&quot;swing&quot;,&quot;animateDelay&quot;:1000,&quot;navigation&quot;:true,&quot;active&quot;:999,&quot;expandedOther&quot;:&quot;no&quot;}>\r\n                <div class=\"items\" >\r\n    \r\n            <div post_id=\"604\" itemcount=\"0\"  header_id=\"header-0\" id=\"header-0\" style=\"\" class=\"accordions-head head0 border-none\" toggle-text=\"\" main-text=\"Kundenkonto Privat\/ Wetzlar\">\r\n                                    <span id=\"accordion-icons-0\" class=\"accordion-icons\">\r\n                        <span class=\"accordion-icon-active accordion-plus\"><i class=\"fa fa-chevron-up\"><\/i><\/span>\r\n                        <span class=\"accordion-icon-inactive accordion-minus\"><i class=\"fa fa-chevron-down\"><\/i><\/span>\r\n                    <\/span>\r\n                    <span id=\"header-text-0\" class=\"accordions-head-title\">Kundenkonto Privat\/ Wetzlar<\/span>\r\n                            <\/div>\r\n            <div class=\"accordion-content content0 \">\r\n                <p><iframe loading=\"lazy\" src=\"https:\/\/muehl24.info\/mw\/privat.html\" name=\"navigation\" width=\"95%\" height=\"300\">\"><br \/>\n<\/iframe><\/p>\n            <\/div>\r\n    <\/div>\r\n\r\n\r\n\r\n            <\/div><\/span><\/span><div id=\"accordions-605\" class=\"accordions-605 accordions\" data-accordions={&quot;lazyLoad&quot;:false,&quot;id&quot;:&quot;605&quot;,&quot;event&quot;:&quot;click&quot;,&quot;collapsible&quot;:&quot;true&quot;,&quot;heightStyle&quot;:&quot;content&quot;,&quot;animateStyle&quot;:&quot;swing&quot;,&quot;animateDelay&quot;:1000,&quot;navigation&quot;:true,&quot;active&quot;:999,&quot;expandedOther&quot;:&quot;no&quot;}>\r\n                <div class=\"items\" >\r\n    \r\n            <div post_id=\"605\" itemcount=\"0\"  header_id=\"header-0\" id=\"header-0\" style=\"\" class=\"accordions-head head0 border-none\" toggle-text=\"\" main-text=\"Kundenkonto Firma\/ Wetzlar\">\r\n                                    <span id=\"accordion-icons-0\" class=\"accordion-icons\">\r\n                        <span class=\"accordion-icon-active accordion-plus\"><i class=\"fa fa-chevron-up\"><\/i><\/span>\r\n                        <span class=\"accordion-icon-inactive accordion-minus\"><i class=\"fa fa-chevron-down\"><\/i><\/span>\r\n                    <\/span>\r\n                    <span id=\"header-text-0\" class=\"accordions-head-title\">Kundenkonto Firma\/ Wetzlar<\/span>\r\n                            <\/div>\r\n            <div class=\"accordion-content content0 \">\r\n                <p><iframe loading=\"lazy\" src=\"https:\/\/www.muehl24.info\/mw\/firma.html\" name=\"navigation\" width=\"95%\" height=\"300\">\"><br \/>\n<\/iframe><\/p>\n            <\/div>\r\n    <\/div>\r\n\r\n\r\n\r\n            <\/div><\/h3>\n<h2><span style=\"color: #354c9c;\"><strong>Sollte Sie Probleme beim \u00f6ffnen haben nutzen Sie bitte folgende Links<\/strong><\/span><\/h2>\n<h3><a href=\"http:\/\/h-firma.muehl24.info\/\"><u><strong>Firmenkunden<\/strong><\/u><\/a><u><strong><br \/><\/strong><\/u><a href=\"http:\/\/h-privat.muehl24.info\/\"><u><strong>Privatkunden<br \/><\/strong><\/u><\/a><\/h3>\n<h3>(<strong>bitte Standort-Abfrage beachten<\/strong>)<u><strong><br \/><\/strong><\/u>Es gelten ausschlie\u00dflich die allgemeinen Verkaufs-, Liefer- und Leistungsbedingungen der M24 GmbH in der jeweiligen g\u00fcltigen Fassung, diese finden Sie <a href=\"http:\/\/muehl24.info\/AGBMuehl24GmbH.pdf\">hier.<\/a><\/h3>\n<h3>Bei der Eingabe Ihrer personenbezogenen Daten, werden keine Daten an uns \u00fcbermittelt. Wenn Sie uns eine Nachricht senden m\u00f6chten, nutzen Sie bitte das Kontaktformular unter<a href=\"https:\/\/online.muehl24.de\/contact\/\"> https:\/\/online.muehl24.de\/contact\/<\/a> . Dieses ist zu Ihrer Sicherheit SSL verschl\u00fcsselt, weitere Informationen zum Datenschutz finden Sie in unserer <a href=\"http:\/\/www.muehl.de\/hungen\/datenschutzerklaerung\/\">Datenschutzerkl\u00e4rung<\/a> auf dieser Website.<\/h3>\n\n\n<p><\/p>\n","protected":false},"excerpt":{"rendered":"<p>Sie sind noch kein Kunde bei M24? Nutzen Sie unser Webformular zur Er\u00f6ffnung eines Kundenkontos. Formular online ausf\u00fcllen, ausdrucken, unterschreiben und an M24 zur\u00fcck senden, oder bei Ihrem n\u00e4chsten Besuch direkt ausgef\u00fcllt mitbringen. Hungen: Kranichfeld: Wetzlar: Sollte Sie Probleme beim \u00f6ffnen haben nutzen Sie bitte folgende Links FirmenkundenPrivatkunden (bitte Standort-Abfrage beachten)Es gelten ausschlie\u00dflich die allgemeinen Verkaufs-, Liefer- und Leistungsbedingungen der<\/p>\n<p><a class=\"more-link\" href=\"https:\/\/www.muehl.de\/hungen\/kundenkonto\/\">Weiterlesen<\/a><\/p>\n","protected":false},"author":4,"featured_media":0,"parent":0,"menu_order":0,"comment_status":"closed","ping_status":"closed","template":"","meta":{"footnotes":""},"class_list":["post-584","page","type-page","status-publish","hentry"],"_links":{"self":[{"href":"https:\/\/www.muehl.de\/hungen\/wp-json\/wp\/v2\/pages\/584","targetHints":{"allow":["GET"]}}],"collection":[{"href":"https:\/\/www.muehl.de\/hungen\/wp-json\/wp\/v2\/pages"}],"about":[{"href":"https:\/\/www.muehl.de\/hungen\/wp-json\/wp\/v2\/types\/page"}],"author":[{"embeddable":true,"href":"https:\/\/www.muehl.de\/hungen\/wp-json\/wp\/v2\/users\/4"}],"replies":[{"embeddable":true,"href":"https:\/\/www.muehl.de\/hungen\/wp-json\/wp\/v2\/comments?post=584"}],"version-history":[{"count":38,"href":"https:\/\/www.muehl.de\/hungen\/wp-json\/wp\/v2\/pages\/584\/revisions"}],"predecessor-version":[{"id":2802,"href":"https:\/\/www.muehl.de\/hungen\/wp-json\/wp\/v2\/pages\/584\/revisions\/2802"}],"wp:attachment":[{"href":"https:\/\/www.muehl.de\/hungen\/wp-json\/wp\/v2\/media?parent=584"}],"curies":[{"name":"wp","href":"https:\/\/api.w.org\/{rel}","templated":true}]}}