{"id":651,"date":"2017-07-25T11:56:37","date_gmt":"2017-07-25T09:56:37","guid":{"rendered":"http:\/\/www.muehl24.info\/wp\/?page_id=651"},"modified":"2017-08-11T14:50:42","modified_gmt":"2017-08-11T12:50:42","slug":"laminat-parkett","status":"publish","type":"page","link":"https:\/\/www.muehl.de\/hungen\/laminat-parkett\/","title":{"rendered":"Laminat &#038; Parkett"},"content":{"rendered":"<div class=\"zweis static oe_home_contentelement oe_home_contentelement_textonly oe_home_contentelement_nr_3374 oe_home_contentelement_sequenz_1\">\n<div class=\"staticText\">\n<h2><strong>Das M\u00dcHL Parkett- und Laminat-Studio<br \/>\n&#8211; einzigartig in Hessen<\/strong><\/h2>\n\n<p>In Hungen haben wir f\u00fcr Sie k\u00fcrzlich eines der gr\u00f6\u00dften Parkett- und Laminat-Studios Deutschlands er\u00f6ffnet. In unserer Ausstellung in Hungen zeigen wir Ihnen alles &#8211; vom hochwertigen Laminat bis hin zum wertvollen Parkettboden aus der HARO Parkettmanufaktur.<\/p>\n<p>Kommen Sie vorbei und lassen Sie sich beraten &#8211; bei uns finden Sie garantiert Ihren Traumboden!<\/p>\n<\/div>\n<\/div>\n<div><\/div>\n<div class=\"zweis static oe_home_contentelement oe_home_contentelement_textonly oe_home_contentelement_nr_3402 oe_home_contentelement_sequenz_2\">\n<div class=\"staticText\">\n<div><img decoding=\"async\" src=\"http:\/\/www.muehl.de\/wps\/wse_pics\/intranet\/pics_54\/3\/7\/teaser_ausstellung_parkett.jpg\" alt=\"Teaser HARO Parkett\" border=\"0\" \/>\u00bb Exklusives Parkett<\/div>\n<div><img decoding=\"async\" src=\"http:\/\/www.muehl.de\/wps\/wse_pics\/intranet\/pics_54\/l\/g\/teaser_ausstellung_laminat.jpg\" alt=\"HARO Laminat\" border=\"0\" \/>\u00bb Premium-Laminatboden<\/div>\n<div><img decoding=\"async\" src=\"http:\/\/www.muehl.de\/wps\/wse_pics\/intranet\/pics_54\/s\/w\/teaser_ausstellung_celenio.jpg\" alt=\"Teaser HARO CELENIO\" border=\"0\" \/>\u00bb Holzfliesen CELENIO<\/div>\n<div><a href=\"http:\/\/www.muehl.de\/wps\/wse\/home\/Muehl\/parkett-laminat-welt_kork\/\"><img decoding=\"async\" src=\"http:\/\/www.muehl.de\/wps\/wse_pics\/intranet\/pics_54\/w\/4\/teaser_ausstellung_kork.jpg\" alt=\"HARO Kork\" border=\"0\" \/>\u00bb Naturb\u00f6den aus Kork<\/a><\/div>\n<\/div>\n<\/div>\n<div><\/div>\n<div><\/div>\n<div><\/div>\n<div><\/div>\n<div><\/div>\n<div><\/div>\n<div>\n<\/p>\n<p><img decoding=\"async\" src=\"http:\/\/www.muehl.de\/wps\/wse_pics\/intranet\/pics_54\/e\/p\/hc_628.jpg\" \/><\/div>\n<div class=\"zweis static oe_home_contentelement oe_home_contentelement_textonly oe_home_contentelement_nr_3383 oe_home_contentelement_sequenz_7\"><\/div>\n","protected":false},"excerpt":{"rendered":"<p>Das M\u00dcHL Parkett- und Laminat-Studio &#8211; einzigartig in Hessen In Hungen haben wir f\u00fcr Sie k\u00fcrzlich eines der gr\u00f6\u00dften Parkett- und Laminat-Studios Deutschlands er\u00f6ffnet. In unserer Ausstellung in Hungen zeigen wir Ihnen alles &#8211; vom hochwertigen Laminat bis hin zum wertvollen Parkettboden aus der HARO Parkettmanufaktur. Kommen Sie vorbei und lassen Sie sich beraten &#8211; bei uns finden Sie garantiert<\/p>\n<p><a class=\"more-link\" href=\"https:\/\/www.muehl.de\/hungen\/laminat-parkett\/\">Weiterlesen<\/a><\/p>\n","protected":false},"author":4,"featured_media":0,"parent":0,"menu_order":0,"comment_status":"closed","ping_status":"closed","template":"","meta":{"footnotes":""},"class_list":["post-651","page","type-page","status-publish","hentry"],"_links":{"self":[{"href":"https:\/\/www.muehl.de\/hungen\/wp-json\/wp\/v2\/pages\/651","targetHints":{"allow":["GET"]}}],"collection":[{"href":"https:\/\/www.muehl.de\/hungen\/wp-json\/wp\/v2\/pages"}],"about":[{"href":"https:\/\/www.muehl.de\/hungen\/wp-json\/wp\/v2\/types\/page"}],"author":[{"embeddable":true,"href":"https:\/\/www.muehl.de\/hungen\/wp-json\/wp\/v2\/users\/4"}],"replies":[{"embeddable":true,"href":"https:\/\/www.muehl.de\/hungen\/wp-json\/wp\/v2\/comments?post=651"}],"version-history":[{"count":6,"href":"https:\/\/www.muehl.de\/hungen\/wp-json\/wp\/v2\/pages\/651\/revisions"}],"predecessor-version":[{"id":1210,"href":"https:\/\/www.muehl.de\/hungen\/wp-json\/wp\/v2\/pages\/651\/revisions\/1210"}],"wp:attachment":[{"href":"https:\/\/www.muehl.de\/hungen\/wp-json\/wp\/v2\/media?parent=651"}],"curies":[{"name":"wp","href":"https:\/\/api.w.org\/{rel}","templated":true}]}}